se
Does 35 divide 1330?
True
Is 11336 a multiple of 104?
True
Is 6 a factor of 22000?
False
Is 743 a multiple of 5?
False
Does 42 divide 2436?
True
Is 3270 a multiple of 26?
False
Does 13 divide 45945?
False
Is 2157 a multiple of 7?
False
Is 19 a factor of 1229?
False
Is 11 a factor of 4976?
False
Is 9 a factor of 342?
True
Does 97 divide 2425?
True
Is 4374 a multiple of 27?
True
Is 7 a factor of 3385?
False
Is 49 a factor of 14041?
False
Does 31 divide 155?
True
Is 44 a factor of 1540?
True
Is 819 a multiple of 55?
False
Does 16 divide 24288?
True
Does 83 divide 6931?
False
Is 59 a factor of 966?
False
Is 1394 a multiple of 41?
True
Does 100 divide 9900?
True
Does 49 divide 157?
False
Is 6740 a multiple of 20?
True
Does 2 divide 451?
False
Is 15787 a multiple of 254?
False
Is 542 a multiple of 3?
False
Does 9 divide 378?
True
Is 7 a factor of 217?
True
Does 10 divide 160?
True
Does 16 divide 1053?
False
Is 9480 a multiple of 24?
True
Does 165 divide 7755?
True
Does 66 divide 23100?
True
Does 20 divide 20706?
False
Does 13 divide 117?
True
Is 7 a factor of 1253?
True
Is 28 a factor of 1373?
False
Does 3 divide 83?
False
Is 54630 a multiple of 9?
True
Is 16650 a multiple of 25?
True
Is 14 a factor of 38588?
False
Does 4 divide 177?
False
Is 744 a multiple of 30?
False
Does 28 divide 896?
True
Is 23886 a multiple of 40?
False
Is 4256 a multiple of 112?
True
Is 16 a factor of 27619?
False
Is 5649 a multiple of 4?
False
Is 3 a factor of 464?
False
Does 87 divide 24534?
True
Does 48 divide 36672?
True
Does 33 divide 112615?
False
Is 1348 a multiple of 14?
False
Is 9 a factor of 135?
True
Is 12 a factor of 15276?
True
Is 7097 a multiple of 151?
True
Is 117 a factor of 1467?
False
Is 7711 a multiple of 11?
True
Does 64 divide 130432?
True
Does 80 divide 51200?
True
Does 67 divide 469?
True
Does 9 divide 16639?
False
Is 23 a factor of 12972?
True
Is 81 a factor of 810?
True
Is 1175 a multiple of 25?
True
Is 4714 a multiple of 99?
False
Does 6 divide 102?
True
Is 92 a factor of 552?
True
Is 13 a factor of 5141?
False
Is 1807 a multiple of 13?
True
Is 5474 a multiple of 23?
True
Is 60 a factor of 2294?
False
Is 36 a factor of 717?
False
Does 20 divide 4346?
False
Is 196 a factor of 45276?
True
Does 72 divide 11283?
False
Is 25 a factor of 41?
False
Is 14133 a multiple of 21?
True
Does 11 divide 275?
True
Is 68120 a multiple of 260?
True
Is 72 a factor of 5463?
False
Is 219407 a multiple of 17?
False
Is 8 a factor of 1708?
False
Does 87 divide 6003?
True
Is 9 a multiple of 4?
False
Is 19 a factor of 4104?
True
Does 12 divide 61512?
True
Is 1035 a multiple of 15?
True
Is 13 a factor of 100630?
False
Is 4 a factor of 1126?
False
Is 256 a factor of 512?
True
Does 9 divide 8118?
True
Is 33 a factor of 18744?
True
Does 27 divide 12289?
False
Is 2990 a multiple of 40?
False
Is 93 a factor of 19995?
True
Is 3 a factor of 29?
False
Does 5 divide 1505?
True
Is 20719 a multiple of 7?
False
Does 9 divide 3843?
True
Does 4 divide 56?
True
Is 854 a multiple of 7?
True
Is 96 a factor of 3917?
False
Does 86 divide 9890?
True
Is 8319 a multiple of 3?
True
Does 27 divide 7452?
True
Does 46 divide 8234?
True
Does 19 divide 20444?
True
Is 6020 a multiple of 10?
True
Is 13 a factor of 4251?
True
Is 4876 a multiple of 92?
True
Is 45 a factor of 675?
True
Is 15 a factor of 2175?
True
Does 14 divide 571?
False
Is 29 a factor of 932?
False
Does 170 divide 2487?
False
Is 1240 a multiple of 20?
True
Does 4 divide 56?
True
Is 29107 a multiple of 23?
False
Is 806 a multiple of 62?
True
Is 50 a factor of 86008?
False
Is 4382 a multiple of 14?
True
Is 59 a multiple of 9?
False
Is 226 a multiple of 3?
False
Is 7 a factor of 154?
True
Is 10 a factor of 180280?
True
Is 50 a multiple of 8?
False
Is 103 a factor of 3399?
True
Does 9 divide 160?
False
Is 21114 a multiple of 25?
False
Is 197 a factor of 987?
False
Is 29 a factor of 406?
True
Is 95 a factor of 855?
True
Does 66 divide 2341?
False
Is 212 a factor of 30740?
True
Does 9 divide 2025?
True
Is 2288 a multiple of 22?
True
Is 1829 a multiple of 2?
False
Is 103 even?
False
Does 9 divide 32659?
False
Does 204 divide 23868?
True
Is 1591 a multiple of 5?
False
Does 13 divide 247?
True
Is 78102 a multiple of 241?
False
Is 42 a multiple of 42?
True
Does 20 divide 41460?
True
Does 5 divide 234?
False
Is 2250 a multiple of 32?
False
Is 9838 a multiple of 49?
False
Does 15 divide 59?
False
Does 27 divide 8910?
True
Is 11 a factor of 1221?
True
Is 9594 a multiple of 26?
True
Is 12140 a multiple of 100?
False
Is 2 a factor of 6833?
False
Is 6351 a multiple of 11?
False
Does 15 divide 46858?
False
Is 5964 a multiple of 21?
True
Is 20 a factor of 484?
False
Is 227 a factor of 78088?
True
Is 120 a factor of 7680?
True
Does 26 divide 3770?
True
Is 14965 a multiple of 6?
False
Does 12 divide 911?
False
Is 46 a factor of 28060?
True
Is 3 a factor of 155?
False
Is 60498 a multiple of 18?
True
Is 1195 a multiple of 5?
True
Is 251 a multiple of 3?
False
Is 1963 a multiple of 13?
True
Is 4466 a multiple of 6?
False
Does 13 divide 1935?
False
Does 7 divide 7764?
False
Is 30 a factor of 3330?
True
Does 33 divide 266?
False
Does 43 divide 7138?
True
Does 3 divide 174?
True
Is 11 a factor of 21576?
False
Does 16 divide 395?
False
Does 102 divide 24552?
False
Is 44122 a multiple of 28?
False
Does 160 divide 12313?
False
Is 21 a factor of 1376?
False
Does 35 divide 9275?
True
Does 3 divide 68?
False
Is 6 a factor of 2304?
True
Is 20 a factor of 7665?
False
Is 929 a multiple of 31?
False
Is 31 a factor of 31?
True
Does 31 divide 883?
False
Is 1148 a multiple of 41?
True
Is 16206 a multiple of 219?
True
Is 1400 a multiple of 14?
True
Is 8 a factor of 8747?
False
Is 15 a factor of 3225?
True
Does 55 divide 937?
False
Is 840 a multiple of 14?
True
Is 399 a multiple of 2?
False
Is 7838 a multiple of 216?
False
Does 10 divide 17711?
False
Is 50 a factor of 4282?
False
Is 108 a factor of 16416?
True
Is 12034 a multiple of 105?
False
Does 4 divide 2712?
True
Is 12 a factor of 29364?
True
Is 21 a factor of 41853?
True
Does 18 divide 913?
False
Is 1266 a multiple of 43?
False
Is 15 a factor of 20681?
False
Does 16 divide 2629?
False
Is 41580 a multiple of 132?
True
Does 49 divide 709?
False
Is 5 a factor of 703?
False
Does 118 divide 8929?
False
Is 6 a factor of 1120?
False
Does 131 divide 5546?
False
Does 330 divide 56100?
True
Is 18 a factor of 11988?
True
Is 4284 a multiple of 12?
True
Is 6789 a multiple of 56?
False
Does 13 divide 3315?
True
Is 1460 a multiple of 15?
False
Does 84 divide 16344?
False
Does 41 divide 2173?
True
Does 120 divide 6720?
True
Is 11 a factor of 68?
False
Is 28 a factor of 2355?
False
Is 227 a multiple of 16?
False
Is 17 a multiple of 7?
False
Is 3976 a multiple of 29?
False
Is 83 a factor of 13695?
True
Is 29 a factor of 2195?
False
Is 12798 a multiple of 4?
False
Does 5 divide 132?
False
Is 1276 a multiple of 116?
True
Is 76 a factor of 23424?
False
Is 27 a factor of 2025?
True
Is 1890 a multiple of 3?
True
Is 8215 even?
False
Does 45 divide 10395?
True
Is 30 a factor of 270?
True
Does 87 divide 44700?
False
Is 25430 a multiple of 10?
True
Is 75 a multiple of 3?
True
Is 90554 a multiple of 298?
False
Is 396 a multiple of 30?
False
Does 22 divide 1616?
False
Is 9184 a multiple of 13?
False
Is 20 a factor of 10400?
True
Is 29130 a multiple of 56?
False
Does 16 divide 5120?
True
Is 220 a multiple of 10?
True
Is 4802 a multiple of 56?
False
Is 119 a factor of 5596?
False
Does 108 divide 3423?
False
Is 15 a factor of 9300?
True
Is 11538 a multiple of 123?
False
Does 36 divide 4306?
False
Is 13 a factor of 455?
True
Is 75 a factor of 176?
False
Is 2572 a multiple of 13?
False
Is 53 a factor of 11550?
False
Does 3 divide 1154?
False
Is 19 a factor of 58569?
False
Does 94 divide 3213?
False
Does 32 divide 6080?
True
Is 4676 a multiple of 7?
True
Does 2 divide 1156?
True
Is 8 a factor of 349?
False
Is 7160 a multiple of 4?
True
Is 47 a factor of 1786?
True
Is 46 a factor of 1125?
False
Is 20 a factor of 4100?
True
Is 53 a factor of 17066?
True
Does 63 divide 252?
True
Does 35 divide 1715?
True
Does 2 divide 73?
False
Is 40870 a multiple of 73?
False
Does 26 divide 5200?
True
Is 96 a multiple of 16?
True
Does 16 divide 4136?
False
Is 22 a fact